be p(1). Let n(q) = q**3 + 4*q**2 - q + 4. Let o be n(-5). Let y = o + a. What is r(y)?
7
Let b(d) = -d**2 + 5*d - 2. Let r(k) = -7*k - 4. Suppose -2 = -3*q + 5*q. Let c be r(q). Determine b(c).
4
Let m be 1/(1 + 56/(-57)). Let t be 1/(-4) - m/12. Let r(i) be the first derivative of -i**3/3 - 3*i**2/2 + 5*i + 606. Give r(t).
-5
Suppose 0*c + 5*c + 5*y = -10, -10 = -7*c + y. Let m(j) be the third derivative of -j**6/120 + j**5/60 - j**4/12 + j**3/6 + j**2. Calculate m(c).
-1
Let f(r) = r**3 + 5*r**2 - 6*r + 4. Let o(p) = -p**2 + 48*p - 182. Let m be o(44). Determine f(m).
4
Suppose -13*k = -3*k - 20. Let n(t) be the second derivative of 1/20*t**5 - 1/12*t**4 + 0*t**2 - 2/3*t**3 + k*t + 0. Give n(3).
6
Let m be (-1 - (0 + -2))*1. Let i(w) = -w - 1. Let d(b) = -2*b - 3. Suppose 8*k + 36 = 12. Let a(s) = k*i(s) + d(s). What is a(m)?
1
Let z be (-2)/9 - (-3 + 742/63). Let p(d) = -d**3 - 10*d**2 - 9*d - 3. What is p(z)?
-3
Let f be (-2)/(-6)*(64 - -5). Let x = 32 - f. Let h = x - 10. Let w(u) = -9*u. Determine w(h).
9
Let n(i) = -5*i**3 - 6*i**2 + i + 13. Let y(j) = -3*j**3 - 3*j**2 + j + 7. Let t(r) = -4*n(r) + 7*y(r). Calculate t(2).
7
Let a(z) be the third derivative of -z**5/60 + 13*z**4/24 - z**3/6 - 7*z**2 + 4. Calculate a(9).
35
Let c = 8 - 3. Suppose 11*h + 20 = 16*h. Let x(b) = -4*b - 3. Let q(p) = 5*p + 4. Let o(k) = h*x(k) + 3*q(k). Determine o(c).
-5
Let y(i) = -i**2 + i - 4. Let j be 40/32 - 1/4. Let r be (-5 - j - -3)*1. What is y(r)?
-16
Let k(q) = 3*q**3 - 3*q**2 - 2*q + 4. Let b be ((-28)/112)/(2/8) - -3. Determine k(b).
12
Let m(h) = -h**2 - 8 - 7 + 15 + 4*h + 4*h**2. Determine m(-3).
15
Let n(v) be the third derivative of v**5/60 + v**4/8 + v**3 + 10*v**2. Let w(r) be the first derivative of n(r). Determine w(-6).
-9
Let v(y) be the second derivative of -y**3/3 + 3*y**2/2 - 5*y. Suppose 309*u - 312*u = -6. What is v(u)?
-1
Let w(s) = -s**2 - 4. Let r(q) = -4*q**2 - 11. Let v(l) = -l - 5. Let m be v(-12). Let h(g) = m*w(g) - 2*r(g). What is h(0)?
-6
Let y(q) be the first derivative of 0*q - 1/24*q**6 - 1/6*q**3 + 1/60*q**5 + 1 + 1/24*q**4 - 2*q**2. Let a(s) be the second derivative of y(s). Determine a(1).
-4
Suppose 5*s - 70 = 3*t, -7*t = -2*t - 25. Let p(a) = a - 4*a**2 - 5*a**2 + s*a**2 - 7*a**2 - 1. Suppose 3*q - 7*q - 8 = 0. What is p(q)?
1
Let r = -260 + 263. Let h(l) = l**3 - l**2 - 2*l + 2. What is h(r)?
14
Let b(w) be the first derivative of -w**2 + 10*w + 163. What is b(12)?
-14
Suppose 0*f = -2*f - 24. Let t(q) = q**3 - 5*q**2 - q + 12. Let g be t(2). Let s be 3*(-20)/f + g. Let j(y) = y**2 - y. Determine j(s).
6
Let i(x) = 2*x + 12. Let w be i(-5). Suppose w = 2*f + 6. Let y(k) = k**3 + 5*k**2 + 2*k - 1. What is y(f)?
7
Suppose 8*d - 5 = 3*d. Let p(l) be the first derivative of -l**3/3 - 7*l**2 - 8*l - 338. Let z(v) = v. Let j(u) = d*p(u) + 4*z(u). What is j(-6)?
16
Let i(k) = 5*k - 6. Let v be (-6)/15 + (-17)/(-5). Suppose -r - 4*j + 12 = v*r, -2*r = -5*j - 6. Suppose 5*p - 8 = r*p. What is i(p)?
14
Let p(a) = 169*a**3 - 2*a - 4 - 5*a**2 + 5*a - 87*a**3 - 83*a**3. Calculate p(-5).
-19
Let u(y) be the third derivative of y**4/8 + 13*y**3/6 + 7*y**2 - 1. What is u(-6)?
-5
Let h(m) = -28*m**2 + 3*m. Let d(v) be the first derivative of -14*v**3/3 + v**2 - 10. Let w(t) = 5*d(t) - 3*h(t). What is w(1)?
15
Let g(b) = -b**3 - 3*b**2 + b. Let s = -4 - -1. Let n be g(s). Let m(u) be the third derivative of u**4/24 - u**3/2 + 74*u**2. Determine m(n).
-6
Let f(g) = g + 10. Let w be f(-8). Suppose w*t = -3*t + 10. Let n(z) = z**3 - 3*z**2 + 1. Determine n(t).
-3
Let l(o) = -4*o**2 - 2*o**2 - 2*o - 23 + 22. Let s be l(-1). Let g(f) = f**2 + 4*f - 5. Let m be g(s). Let n(r) = -r**3 - r**2 + r + 7. What is n(m)?
7
Let x(n) be the third derivative of -23*n**5/20 - n**4/24 - 175*n**2 + n. Determine x(-1).
-68
Let y(u) = 14*u - 8. Suppose 5*h + 0*m - 7 = 4*m, 5*h = -4*m + 23. Let n(c) = -5*c + 3. Let p(r) = h*y(r) + 8*n(r). Determine p(1).
2
Let s(d) = d**2 + 2*d + 1. Let o(b) = -2*b**2 - 4*b - 2. Let p be ((-8)/(-1))/(-2)*-1. Suppose -p*t - 23 = 1. Let r(x) = t*o(x) - 11*s(x). Calculate r(-4).
9
Let b(g) = 4*g - 23. Let y be b(9). Suppose -3*a + 4 + 8 = 0. Let o(l) = a + 22*l - 8*l - y*l. Calculate o(4).
8
Let f(q) = -q**3 - q**2 + 1 + 3*q**2 + 263*q - 264*q. Suppose o + 4*o + 3*c = -24, -5*o - 22 = 4*c. Let g be (o/(-4))/((-3)/(-6)). What is f(g)?
-11
Let u(c) = -c**3 + c - 2. Let y(s) = s**3 - 3*s**2 - 7*s - 17. Let h be y(5). Determine u(h).
4
Let y = -1 - -2. Suppose 3*z - 5 - y = 0. Suppose z*p + g + 6 = -0*p, 0 = -g. Let d(c) = 2*c + 4. Calculate d(p).
-2
Let a(g) be the third derivative of -5*g**4/24 + 2*g**3/3 + 36*g**2. Suppose 26 = y + 22. Determine a(y).
-16
Let u be 5*3*39/65. Let t(v) = -4*v - 3 + 0 + u*v - 4*v. Calculate t(0).
-3
Suppose 0 = -19*w + 14*w + 2*i - 40, 5*i = -3*w + 7. Let k(q) = q**3 + 7*q**2 + 7*q + 15. Give k(w).
9
Let a(q) be the third derivative of -q**5/60 - q**4/24 + q**3/6 + q**2. Let y be 15 + -2 + 6/3. Suppose -5*b - y = -0*b. Give a(b).
-5
Let m = -49 + 61. Let g(q) = 8 - 13*q + 6*q**2 + q**3 - m*q + 27*q. What is g(-6)?
-4
Let h(s) = 15*s - 155. Let c be h(10). Let k(i) be the third derivative of i**4/8 + i**3 + i**2. What is k(c)?
-9
Suppose 2*t - 116 + 10 = 5*c, c + 5 = -5*t. Let p = c + 30. Suppose p + 10 = -5*f. Let q(u) = u**3 + 5*u**2 + 5*u - 2. What is q(f)?
-6
Let q be (11 + 3/1)/2. Let y(m) = 12*m - 17*m + 1 + q*m. Let n be y(-2). Let t(s) = s**2 + 3*s - 4. Calculate t(n).
-4
Let j(c) = 2*c - 3. Let u(g) = -20*g - 6. Let m(b) = -j(b) + u(b). Give m(-2).
41
Let c(u) = u**2 - 9*u - 2. Let y be 1/(1/(-10)*2). Suppose 52*i - 57*i - 20 = 0. Let t(z) = -z**2 + 8*z + 2. Let r(f) = i*c(f) + y*t(f). What is r(4)?
-2
Let r = 3 + -2. Let g(h) be the second derivative of 1/12*h**4 + 30*h + 1/3*h**3 - 1/2*h**2 + 0. Give g(r).
2
Let h(s) = s - 1. Let q(r) = 7*r - 9. Suppose 5*o + 4*d + 52 = 0, 3*o = d - 25 + 4. Let t = -2 - o. Let c(n) = t*h(n) - q(n). Determine c(-3).
6
Suppose -4*v = -0*v - 5*f, -41 = -5*v - 4*f. Let a = 7 - v. Let m(j) = 8*j - 24*j + 8*j + 10*j - 3. Give m(a).
1
Let q(a) = -3*a - 11. Let w be q(0). Let o = -10 - w. Suppose 5*r - 29 = -n, 0*n = n + o. Let s(t) = t**3 - 6*t**2 + 1. Determine s(r).
1
Let l(m) = 2 - 243*m - 5 + 239*m. What is l(6)?
-27
Let r(m) = m**3 + 7*m**2 + 5. Let o = -30 + 53. Suppose 3*k + o + 18 = -4*g, -5*k + g = 30. What is r(k)?
5
Let t(g) = -40*g - 3. Let h(n) = 18*n + 2. Let l(u) = -9*h(u) - 4*t(u). Give l(0).
-6
Let v(u) be the first derivative of -u**4/4 - u**3 + u**2/2 + 3*u + 22. Let n(q) = q + 2. Let l be n(0). Let r be (-1)/((-1)/(-6)*l). What is v(r)?
0
Let m be ((-162)/(-36))/(1/(-2)). Let v(y) = 3*y + 5. Let c(w) = 6*w + 11. Let g(h) = m*v(h) + 4*c(h). Calculate g(-4).
11
Let b(h) be the third derivative of -h**7/2520 - h**6/120 + h**5/30 - h**4/24 + 26*h**2. Let i(o) be the second derivative of b(o). Give i(-6).
4
Suppose 55 = 26*t - 15*t. Let i(l) = 2*l**2 - 6*l - 3. Determine i(t).
17
Let m(h) = -h**2 - h + 1. Let t(y) = -y**3 - 12*y**2 + y - 3. Let v(o) = 6*m(o) - t(o). Suppose 0 = 14*c + 20 + 78. Calculate v(c).
9
Suppose 7 = 2*b + 5*r, -5*b + 0*r = -r - 31. Let y(d) = d**3 - 5*d**2 - 9*d + 8. Calculate y(b).
-10
Let q(a) = -4*a**3 + a**2 - a + 1. Suppose 0 = 5*l + 15, 3*l = -5*f + 2*l + 2. Let h be -1*(-2 - (0 - f)). Calculate q(h).
-3
Let t(n) = n**3 + 2*n**2 + 8*n + 5. Let i(q) = -q**3 - q**2 - 9*q - 5. Let y(b) = -3*i(b) - 4*t(b). Calculate y(-4).
-1
Let r = -491 + 497. Let h(w) = -w**2 + 8*w - 14. Calculate h(r).
-2
Suppose -4*z - i + 15 + 1 = 0, -25 = -z + 5*i. Let q(r) = 4 + r - z*r + 4*r**2 - 3*r**2 - 4*r. Suppose 5*h = -259 + 289. Determine q(h).
-8
Let p be 1/(-5) - (2 + (-203)/(-35)). Let w(t) = -t**3 - 8*t**2 + 2*t - 2. Calculate w(p).
-18
Let o(g) be the second derivative of -2*g**2 + 1/24*g**4 - 2/3*g**3 + 0 + 6*g. Let r(v) be the first derivative of o(v). Calculate r(7).
3
Let p = -22 - -17. Let l(k) = 2*k**2 - 3*k + 7. Let v(t) = t**2 - 3*t + 7. Let r(w) = -2*l(w) + 3*v(w). What is r(p)?
-3
Let n(o) be the third derivative of -1/120*o**6 + 1/24*o**4 + 1/6*o**3 + 0*o + 32*o**2 + 0 + 0*o**5. Calculate n(0).
1
Let c(m) = -m**3 + 8*m**2 - 9*m + 3. Suppose 0*u = 2*u - 5*l - 14, -3*u = -5*l - 21. Give c(u).
-11
Let m(p) be the se